uppose 0 = 43*f - 50*f - 7. Let m(x) be the second derivative of -17*x**3/6 + x**2 - x. Let q be m(f). Calculate the highest common factor of q and 171.
19
Suppose -5*y = -5*v - 55, y - v = -3*v - 1. Suppose -3*m + 1 = -2*f - 16, 2*f = -8. Suppose -m*o + 13 = -8. Calculate the highest common divisor of y and o.
7
Let t = -11 + 14. Let c be t/12 + (-20)/16. Let k be c/((-4)/4) - -14. What is the highest common factor of k and 135?
15
Let r = 243 - 236. Calculate the highest common divisor of r and 147.
7
Suppose -4*t = -3*m - t + 177, -83 = -m - 5*t. Calculate the highest common factor of 84 and m.
21
Let x be (-4)/((-12)/3) - 1. Suppose x = 3*v - 4*g - 548, -5*v = -v - 2*g - 714. Calculate the highest common factor of v and 22.
22
Suppose -u + 288 = 5*u. Let h be ((-510)/(-8))/(18/u). What is the greatest common factor of h and 17?
17
Suppose 7*h - 8*h = 10. Let s = 12 + h. Let x be (-4)/(-1) + s + 8. What is the highest common divisor of 2 and x?
2
Let x(h) = -2*h - 9. Let d be x(-6). Suppose -7 = d*s + 5. Let u = s + 14. What is the greatest common factor of 40 and u?
10
Let t be (-146)/(-511) + 4849/7. Calculate the highest common factor of 63 and t.
63
Suppose -11*h + 14 - 102 = 0. Let u be (-63)/12*-2*h/(-6). What is the greatest common factor of 154 and u?
14
Let i(y) = 2*y + 3. Let t be i(8). Suppose 0 = 107*p - 103*p - 836. What is the highest common factor of t and p?
19
Suppose 2*d - 30 = z, 0 = -2*z - 3*z - 4*d - 206. Suppose 214 = 2*x + 60. Let q = z + x. What is the greatest common factor of 117 and q?
39
Let d = 7 + -10. Let f be (10/d - 0)*-12. Let z be 105/14*22/33. What is the greatest common divisor of f and z?
5
Let n(y) = -y**3 + y**2 + y - 1. Let j be n(0). Let g be -19*j/((-5)/(-45)). Calculate the highest common factor of 9 and g.
9
Suppose 3*d + 4*z - 99 - 69 = 0, -4*z = -d + 72. Suppose 0*t + d = 5*t. Suppose -25 - 23 = -2*m. Calculate the greatest common divisor of m and t.
12
Let t = -365 + 398. Calculate the highest common divisor of t and 6.
3
Suppose 0 = 2*i + 3*n - 291, 3*n = -5*i - 2*n + 725. Let z(j) = 2*j**2 + 56*j + 18. Let m be z(-28). Calculate the highest common factor of m and i.
18
Let t = -76 - -104. Suppose 14 = -i + 5*o, 5*i - 2*o + 12 = -12. Let b(l) = -2*l - 1. Let s be b(i). What is the highest common factor of s and t?
7
Let s be ((-26)/8)/(-5 + (-76)/(-16)). Calculate the greatest common divisor of 221 and s.
13
Let j = -294 + 644. Calculate the greatest common divisor of 50 and j.
50
Suppose 2*o = -h + 5*h + 26, o + 15 = -5*h. Let l = 13 - o. Let m = l - 4. Calculate the greatest common divisor of 44 and m.
4
Let h = 21 + -4. Suppose 0 = 4*a + g - 59, 1 = a - 4*g - 35. Let d be (2 + 32)*(-12 + a). Calculate the highest common divisor of d and h.
17
Let d be (-5)/(40/(-488))*1. What is the highest common factor of 488 and d?
61
Let l(i) = -12*i**3 - 86*i**2 - 16*i - 12. Let a be l(-7). Calculate the highest common factor of 94 and a.
2
Let k(z) = -7*z + 2. Let f be k(-2). Suppose -2*w + 4*b = -44, 4*b = -2*w + b + 9. What is the greatest common factor of f and w?
4
Let r = 10 + -7. Suppose -g + 7 = 2*q, q + 3*g - r = -2*q. Let w be (-86)/(-7) - q/21. What is the highest common factor of 12 and w?
12
Let l(a) = 26*a + 136. Let y be l(0). What is the highest common divisor of 34 and y?
34
Suppose -3*b + 4*b + 213 = 2*i, -i - 2*b + 114 = 0. Suppose 2*m = -n + 2*n - 18, -n + m + 15 = 0. What is the greatest common divisor of n and i?
12
Let x(u) = -u**3 - 13*u**2 - u - 10. Let n be x(-13). Suppose 2*s - n*v = 159, -3*v = -4*s + 170 + 133. Calculate the highest common factor of s and 8.
8
Let o be 63/(-42) - (23/(-2) + -2). What is the greatest common factor of 132 and o?
12
Suppose 4*j - 14 = 2. Suppose 5*v - 165 = -5*t, -3*v = -0 - 3. Suppose j*d = -0*d + t. Calculate the greatest common divisor of d and 16.
8
Let g = -321 - -322. What is the highest common divisor of g and 67?
1
Let u(j) = j**2 - j + 2. Let v(r) = -r - 9. Let t be v(-9). Let x be u(t). Calculate the highest common divisor of 6 and x.
2
Let b(q) = -q**2 - 21*q + 16. Let n be b(-19). Let m = 86 - n. What is the greatest common divisor of m and 64?
32
Let z = 136 + -263. Let x = z + 277. Let d(k) = k**3 - 12*k**2 - 87*k + 94. Let t be d(17). What is the highest common divisor of x and t?
30
Suppose 0 = b - 2*x + 3, b + 6*x - 13 = 4*x. Suppose 0*y + 120 = 3*y. Suppose -b*v = -50 - y. Calculate the greatest common factor of 198 and v.
18
Let m(p) = 3*p + 182. Let j be m(-59). Calculate the greatest common divisor of j and 140.
5
Let c(a) = -69*a + 9. Let f be c(-3). What is the highest common divisor of f and 162?
54
Suppose 3*y + 24 = 4*n, -2*n = 4*y - 6*y - 14. Let s(l) = -l + 9. Let v be s(6). Calculate the greatest common divisor of v and n.
3
Let f(u) = -u**2 - 8*u + 23. Let q be f(-9). What is the greatest common factor of 658 and q?
14
Let g be 4/(-42) + (-2332)/(-1113). What is the greatest common divisor of g and 10?
2
Suppose 0 = 2*m + 12 - 14. Let h be m - ((-222)/9)/(4/6). What is the greatest common divisor of 152 and h?
38
Let h(d) = 2*d**2 - d - 3. Let t be h(3). Let p be 724/(-18) - 22/(-99). Let f be ((-32)/p)/(1/120). What is the greatest common factor of f and t?
12
Let u(n) = n**2 + n + 3. Let r(p) = -p**3 - 2*p**2 + 2*p - 1. Let x be r(-2). Let y be u(x). Calculate the greatest common divisor of y and 115.
23
Suppose -536*x = -543*x + 1155. What is the greatest common divisor of x and 33?
33
Let b(y) = y + 1. Let s be b(0). Let a = s + 14. Calculate the greatest common factor of 90 and a.
15
Suppose -3*f = 5*r - 12, 48 = 4*f - 52*r + 48*r. What is the highest common factor of f and 1341?
9
Suppose -51*w + 2728 = -29*w. Calculate the highest common divisor of 28 and w.
4
Let h = 1401 - 1381. Calculate the greatest common divisor of h and 215.
5
Let o(z) = -8*z**2 - z**2 - 9 + 0*z**3 + z + 2*z + z**3. Let r be o(6). Let t be (-4)/18 - 10318/r. What is the greatest common factor of t and 13?
13
Let s(w) = -w - 20. Let z be s(-6). Let m(t) = -t**3 + 7*t**2 + 8*t + 8. Let k be m(8). Let i be -16*2*z/k. Calculate the greatest common factor of 7 and i.
7
Let j(m) = -m**3 + 4*m**2 + 20*m + 21. Let a be j(-7). What is the highest common factor of a and 84?
84
Suppose 0 = 2*c - 5*m - 12, -c = -0*c - 5*m - 1. Calculate the highest common factor of 671 and c.
11
Let j = -1231 - -1261. What is the highest common factor of 210 and j?
30
Suppose 2*b - 52 = -2*b. Suppose -5*v - x = -8, v = 3*x + b - 5. Suppose v*c + 0 = 16. What is the highest common factor of c and 1?
1
Suppose -6*c = -31 - 5. Let x(t) = -t + 4. Let s be x(-4). Let j = s - 4. Calculate the greatest common factor of j and c.
2
Suppose -547 = -5*q + 148. Let p = 199 - q. What is the greatest common divisor of p and 12?
12
Suppose 33*r - 52 = 344. What is the greatest common divisor of r and 99?
3
Let c(s) = 7*s + 6 + 3*s - s**2 - 4*s. Let t be c(6). Let k = 7 - -23. What is the greatest common factor of k and t?
6
Let h be 33/(-3)*(-6 + 0 + 1). Let x be 5/(-10) - (-37)/2. Suppose -x - 2 = -4*c. What is the greatest common divisor of h and c?
5
Suppose 4*y - y - p = 5, -4*p - 6 = -5*y. Suppose 96 = 3*c - 2*h, 0 = -5*c + 2*h + y*h + 158. What is the highest common divisor of c and 51?
17
Let q be 1/(-4 - -6)*96. Suppose -4*w + 2*w = -3*o + 34, 5*o + w - q = 0. Let j = o + -2. Calculate the greatest common factor of 72 and j.
8
Let q be 1/((-18)/70 + (-32)/(-80)). Let d = 29 - 8. Let y be (0 - 3)*d/(-3). Calculate the greatest common divisor of y and q.
7
Suppose -2*f = 4*r - 7*r - 750, 0 = -3*r + 6. Suppose 2*k - 46 = -26*u + 25*u, -5*u + 216 = 3*k. Calculate the greatest common factor of u and f.
42
Suppose 0*t + 4*t = -5*u + 1515, 5*t = -3*u + 1910. Let q be (-280)/(-12)*(15/(-10))/(-1). Calculate the greatest common divisor of q and t.
35
Suppose 0 = 5*c + 4*q - 2*q - 53, -5*c + 2*q = -57. Suppose 6*d - 85 = -c*d. Suppose -172 = -4*p + 8. What is the highest common divisor of d and p?
5
Let r be (2 + -4)/(-1) - -226. Let d be 4 + 0 + -2 - (-137 + 127). What is the highest common divisor of r and d?
12
Let n be (396/(-28) - -9)/(6/(-224)). Let m(r) = 3*r**3 - r**2 + r. Let s be m(1). Suppose s*j - 118 + 46 = 0. Calculate the highest common factor of j and n.
24